hen 42 is divided by 16?
10
What is the remainder when 112 is divided by 20?
12
Calculate the remainder when 1517 is divided by 117.
113
Calculate the remainder when 212 is divided by 57.
41
What is the remainder when 8193 is divided by 55?
53
Calculate the remainder when 224 is divided by 38.
34
Calculate the remainder when 156 is divided by 53.
50
What is the remainder when 702 is divided by 140?
2
What is the remainder when 1244 is divided by 89?
87
Calculate the remainder when 174 is divided by 33.
9
What is the remainder when 153 is divided by 32?
25
What is the remainder when 137 is divided by 81?
56
What is the remainder when 57613 is divided by 52?
49
Calculate the remainder when 966 is divided by 472.
22
What is the remainder when 318 is divided by 40?
38
What is the remainder when 20733 is divided by 108?
105
What is the remainder when 833 is divided by 5?
3
What is the remainder when 6662 is divided by 56?
54
Calculate the remainder when 1245 is divided by 308.
13
Calculate the remainder when 2092 is divided by 88.
68
Calculate the remainder when 331 is divided by 85.
76
Calculate the remainder when 114 is divided by 27.
6
What is the remainder when 1078 is divided by 360?
358
What is the remainder when 58 is divided by 17?
7
What is the remainder when 352 is divided by 59?
57
Calculate the remainder when 758 is divided by 34.
10
Calculate the remainder when 61 is divided by 58.
3
What is the remainder when 279 is divided by 4?
3
Calculate the remainder when 22097 is divided by 25.
22
Calculate the remainder when 408 is divided by 37.
1
What is the remainder when 3905 is divided by 9?
8
What is the remainder when 4488 is divided by 18?
6
What is the remainder when 15816 is divided by 20?
16
What is the remainder when 831 is divided by 37?
17
Calculate the remainder when 513 is divided by 228.
57
What is the remainder when 1903 is divided by 211?
4
What is the remainder when 14 is divided by 13?
1
Calculate the remainder when 419 is divided by 6.
5
Calculate the remainder when 1701 is divided by 74.
73
Calculate the remainder when 35 is divided by 4.
3
Calculate the remainder when 5887 is divided by 16.
15
Calculate the remainder when 2242 is divided by 68.
66
Calculate the remainder when 360 is divided by 34.
20
Calculate the remainder when 19 is divided by 17.
2
Calculate the remainder when 570 is divided by 12.
6
Calculate the remainder when 218 is divided by 32.
26
What is the remainder when 509 is divided by 57?
53
Calculate the remainder when 148 is divided by 88.
60
What is the remainder when 271 is divided by 77?
40
Calculate the remainder when 2893 is divided by 3.
1
Calculate the remainder when 129 is divided by 10.
9
What is the remainder when 440 is divided by 151?
138
Calculate the remainder when 100 is divided by 27.
19
Calculate the remainder when 1781 is divided by 85.
81
What is the remainder when 589 is divided by 133?
57
Calculate the remainder when 85 is divided by 11.
8
What is the remainder when 1376 is divided by 20?
16
What is the remainder when 1984 is divided by 99?
4
What is the remainder when 6109 is divided by 8?
5
Calculate the remainder when 8788 is divided by 157.
153
What is the remainder when 612 is divided by 77?
73
What is the remainder when 189 is divided by 32?
29
What is the remainder when 1087 is divided by 109?
106
What is the remainder when 435 is divided by 22?
17
Calculate the remainder when 3495 is divided by 430.
55
Calculate the remainder when 1269 is divided by 1263.
6
What is the remainder when 754 is divided by 43?
23
What is the remainder when 567 is divided by 5?
2
What is the remainder when 180 is divided by 8?
4
What is the remainder when 34 is divided by 21?
13
What is the remainder when 172 is divided by 45?
37
What is the remainder when 104 is divided by 93?
11
What is the remainder when 93 is divided by 7?
2
What is the remainder when 813 is divided by 11?
10
Calculate the remainder when 392 is divided by 79.
76
What is the remainder when 797 is divided by 37?
20
What is the remainder when 71 is divided by 38?
33
Calculate the remainder when 4945 is divided by 17.
15
Calculate the remainder when 26 is divided by 9.
8
Calculate the remainder when 733 is divided by 46.
43
Calculate the remainder when 1130 is divided by 6.
2
Calculate the remainder when 66 is divided by 18.
12
Calculate the remainder when 90 is divided by 7.
6
Calculate the remainder when 82 is divided by 4.
2
Calculate the remainder when 83 is divided by 71.
12
What is the remainder when 168 is divided by 30?
18
Calculate the remainder when 21 is divided by 4.
1
What is the remainder when 477 is divided by 60?
57
Calculate the remainder when 59 is divided by 21.
17
Calculate the remainder when 90 is divided by 40.
10
Calculate the remainder when 1428 is divided by 55.
53
What is the remainder when 1826 is divided by 87?
86
Calculate the remainder when 173 is divided by 128.
45
What is the remainder when 605 is divided by 38?
35
What is the remainder when 12296 is divided by 143?
141
Calculate the remainder when 3505 is divided by 159.
7
Calculate the remainder when 103 is divided by 53.
50
Calculate the remainder when 604 is divided by 16.
12
Calculate the remainder when 1877 is divided by 47.
44
What is the remainder when 463 is divided by 66?
1
What is the remainder when 8 is divided by 5?
3
Calculate the remainder when 121 is divided by 27.
13
Calculate the remainder when 239 is divided by 36.
23
What is the remainder when 13016 is divided by 4337?
5
What is the remainder when 499 is divided by 24?
19
What is the remainder when 552 is divided by 79?
78
What is the remainder when 74 is divided by 19?
17
What is the remainder when 45 is divided by 17?
11
Calculate the remainder when 376 is divided by 27.
25
What is the remainder when 955 is divided by 29?
27
What is the remainder when 170 is divided by 53?
11
What is the remainder when 323 is divided by 34?
17
Calculate the remainder when 399 is divided by 118.
45
Calculate the remainder when 36 is divided by 10.
6
What is the remainder when 220 is divided by 71?
7
What is the remainder when 93 is divided by 43?
7
What is the remainder when 178 is divided by 39?
22
What is the remainder when 305 is divided by 11?
8
What is the remainder when 598 is divided by 326?
272
What is the remainder when 14 is divided by 14?
0
What is the remainder when 1169 is divided by 15?
14
What is the remainder when 97 is divided by 9?
7
Calculate the remainder when 147 is divided by 50.
47
What is the remainder when 625 is divided by 412?
213
What is the remainder when 4821 is divided by 6?
3
What is the remainder when 1467 is divided by 88?
59
What is the remainder when 190 is divided by 23?
6
What is the remainder when 565 is divided by 117?
97
What is the remainder when 130 is divided by 68?
62
Calculate the remainder when 105 is divided by 18.
15
What is the remainder when 1654 is divided by 276?
274
What is the remainder when 863 is divided by 8?
7
What is the remainder when 215 is divided by 16?
7
Calculate the remainder when 2354 is divided by 50.
4
What is the remainder when 621 is divided by 102?
9
Calculate the remainder when 92 is divided by 26.
14
Calculate the remainder when 417 is divided by 20.
17
What is the remainder when 193 is divided by 22?
17
What is the remainder when 75 is divided by 10?
5
Calculate the remainder when 129 is divided by 27.
21
What is the remainder when 2014 is divided by 8?
6
Calculate the remainder when 389 is divided by 68.
49
What is the remainder when 657 is divided by 7?
6
What is the remainder when 358 is divided by 36?
34
What is the remainder when 134 is divided by 36?
26
What is the remainder when 1010 is divided by 22?
20
Calculate the remainder when 3021 is divided by 18.
15
What is the remainder when 118 is divided by 43?
32
What is the remainder when 899 is divided by 226?
221
What is the remainder when 7364 is divided by 27?
20
What is the remainder when 282 is divided by 101?
80
What is the remainder when 1105 is divided by 27?
25
Calculate the remainder when 1670 is divided by 18.
14
What is the remainder when 362 is divided by 11?
10
What is the remainder when 193 is divided by 49?
46
What is the remainder when 1411 is 